mmon factor of 6315704 and 5032?
136
Calculate the greatest common divisor of 23509514 and 46.
2
What is the greatest common factor of 347391093 and 294?
21
What is the greatest common divisor of 12047587 and 3964?
991
What is the greatest common divisor of 535249260 and 3276?
3276
What is the highest common factor of 10547888 and 1292?
1292
What is the greatest common divisor of 11299104 and 2592?
288
Calculate the greatest common factor of 216975400 and 545.
545
Calculate the highest common divisor of 105567 and 297.
33
What is the greatest common factor of 14 and 68326650?
14
What is the highest common factor of 897292 and 10384?
44
What is the greatest common factor of 9426 and 5965087?
1571
What is the highest common divisor of 1822312 and 760?
8
What is the highest common divisor of 10155834 and 1598178?
5106
Calculate the highest common divisor of 668005880 and 40.
40
Calculate the greatest common factor of 92851 and 869.
11
What is the highest common factor of 3945 and 26568260?
1315
Calculate the greatest common factor of 225 and 2734425.
225
Calculate the greatest common divisor of 1408 and 1678512.
176
Calculate the greatest common divisor of 29416 and 277432.
8
Calculate the highest common divisor of 48032 and 154124.
4
What is the greatest common factor of 754173 and 27?
9
What is the highest common factor of 12 and 17521935?
3
What is the greatest common factor of 216414436 and 1808?
452
What is the highest common divisor of 1768 and 1922037?
221
Calculate the highest common divisor of 24989752 and 381098.
4282
What is the highest common factor of 94 and 5578383?
47
What is the highest common factor of 30544 and 11904856?
664
Calculate the greatest common divisor of 38472 and 552.
24
What is the greatest common factor of 161720402 and 113?
113
What is the greatest common divisor of 1404 and 57768?
12
Calculate the greatest common divisor of 7191 and 107940905.
799
What is the greatest common divisor of 759 and 18786273?
33
What is the greatest common factor of 643194 and 113778?
2322
Calculate the greatest common divisor of 641980 and 5760.
20
What is the greatest common factor of 232 and 29459186?
58
Calculate the highest common factor of 83995 and 5519167.
107
What is the greatest common factor of 525551 and 416?
13
What is the greatest common divisor of 83 and 394322708?
83
Calculate the highest common divisor of 165138 and 1326.
102
Calculate the highest common factor of 41702 and 13920.
58
Calculate the highest common factor of 25246 and 43929982.
1942
What is the highest common divisor of 201099 and 618?
3
What is the highest common factor of 168377645 and 20?
5
What is the greatest common divisor of 49491 and 51246?
351
What is the highest common divisor of 75727540 and 266?
266
What is the highest common factor of 120832 and 1408?
128
What is the highest common divisor of 35565 and 21585?
15
Calculate the highest common factor of 13846 and 152866763.
6923
Calculate the greatest common factor of 3454 and 21367700.
314
Calculate the greatest common divisor of 4505700 and 403554.
3918
What is the greatest common divisor of 57337 and 194855699?
8191
Calculate the greatest common factor of 231568 and 79376.
656
What is the highest common divisor of 30581 and 7950?
53
Calculate the highest common factor of 2311680 and 13335.
105
Calculate the greatest common divisor of 446183 and 10503.
389
Calculate the greatest common factor of 28 and 724574984.
28
Calculate the greatest common divisor of 31668 and 97556.
116
Calculate the greatest common divisor of 37920 and 298515720.
9480
What is the highest common divisor of 84513122 and 584?
146
What is the highest common factor of 56 and 1419684868?
28
What is the highest common divisor of 2750032 and 176?
16
Calculate the highest common divisor of 1384140 and 13940.
340
What is the highest common factor of 146905965 and 18?
9
What is the highest common factor of 34685236 and 204?
68
Calculate the greatest common divisor of 32148342 and 10602.
342
Calculate the greatest common divisor of 67795215 and 345.
15
What is the greatest common factor of 10 and 13000006?
2
What is the highest common divisor of 65 and 6278883?
13
Calculate the greatest common divisor of 94970590 and 650.
130
Calculate the highest common divisor of 508 and 97732342.
254
What is the highest common divisor of 11639 and 309733?
113
What is the highest common factor of 5668 and 45648764?
436
Calculate the highest common divisor of 29 and 229232095.
29
Calculate the highest common factor of 2066232 and 55722.
1506
Calculate the greatest common factor of 72 and 4000194.
18
What is the greatest common factor of 76079448 and 180?
36
What is the highest common divisor of 760190 and 5035?
95
Calculate the greatest common divisor of 291 and 240015151.
97
What is the highest common factor of 431605 and 2960?
185
Calculate the greatest common factor of 91 and 242963500.
13
Calculate the greatest common divisor of 201712 and 2121.
7
What is the greatest common divisor of 519708938 and 15736?
3934
Calculate the highest common divisor of 214590 and 30130.
230
Calculate the highest common factor of 1148 and 21702653.
287
What is the highest common factor of 125 and 2568700?
25
What is the greatest common factor of 20923 and 68023662?
2989
Calculate the greatest common factor of 16117 and 77861.
227
What is the greatest common factor of 65370 and 15?
15
What is the highest common divisor of 196 and 6116012?
28
What is the highest common divisor of 3077529 and 13?
13
What is the highest common divisor of 620865 and 601020?
2835
What is the highest common factor of 9581432 and 1487456?
7912
Calculate the greatest common divisor of 441 and 443529576.
441
Calculate the greatest common factor of 422 and 78759970.
422
Calculate the highest common divisor of 4752 and 12265506.
594
What is the greatest common divisor of 3635535 and 2809?
53
Calculate the highest common divisor of 1969 and 65935903.
1969
What is the greatest common factor of 133796 and 548132?
4316
Calculate the highest common factor of 297144 and 808.
8
Calculate the greatest common divisor of 195608568 and 312.
24
Calculate the highest common divisor of 410378 and 136276.
62
Calculate the highest common divisor of 408 and 50065476.
204
What is the greatest common divisor of 21111555 and 56785?
1385
Calculate the highest common factor of 19531867 and 3895.
779
What is the greatest common factor of 96722 and 172894?
274
Calculate the greatest common divisor of 77 and 7573709.
11
Calculate the highest common divisor of 38296 and 392.
8
Calculate the highest common factor of 158316492 and 564.
564
Calculate the greatest common divisor of 5330 and 73190.
130
Calculate the highest common divisor of 3190 and 4825513.
319
Calculate the greatest common divisor of 51208 and 278499.
37
Calculate the greatest common factor of 349478718 and 802.
802
What is the greatest common factor of 729 and 244188999?
243
What is the highest common factor of 38701184 and 386252?
6332
What is the highest common divisor of 28512 and 1179387?
297
Calculate the greatest common divisor of 99126 and 258.
6
Calculate the greatest common factor of 52 and 3537027.
13
Calculate the greatest common divisor of 272073049 and 2737.
391
What is the greatest common factor of 81983014 and 4210?
842
Calculate the greatest common factor of 10164744 and 378.
54
What is the highest common divisor of 120613230 and 1077?
1077
Calculate the highest common divisor of 690 and 1078930.
230
Calculate the highest common divisor of 5238270 and 6246.
18
Calculate the greatest common factor of 290 and 2686183.
29
What is the greatest common factor of 103960185 and 420?
105
Calculate the highest common factor of 481410 and 6283292.
3566
Calculate the greatest common factor of 31514 and 2226.
14
Calculate the greatest common factor of 34927673 and 22.
11
Calculate the highest common divisor of 88 and 1119681112.
88
Calculate the highest common factor of 250 and 5264690.
10
What is the highest common factor of 15 and 44359465?
5
Calculate the highest common factor of 279661 and 11685.
779
Calculate the highest common factor of 100 and 1468765.
5
Calculate the highest common divisor of 481365 and 1890.
45
Calculate the greatest